26*z**2 - 25*z - 85. Let f be a(-4). Let y = -395 - f. Determine c(y).
-7
Let c(j) be the third derivative of -j**6/120 - j**4/24 - j**3/3 + 13*j**2. Suppose 27*x + 3*l + 14 = 29*x, 4*x = 3*l + 10. Give c(x).
8
Let h(j) be the third derivative of 0*j + 7/24*j**4 - 3*j**2 - 5/3*j**3 + 0 - 1/60*j**5. Let s = 718 + -711. Calculate h(s).
-10
Let a = 24729 + -24730. Let t(q) = 3*q**2 + 40*q + 41. What is t(a)?
4
Let w(b) = -3*b - 5. Let x = 283 - 294. Let i(z) = 16*z + 25. Let l(k) = x*w(k) - 2*i(k). What is l(-8)?
-3
Let q(w) = w**2 - 6*w + 5. Let b be 30/(-165)*-22 - -1. Give q(b).
0
Let l = 568 + -573. Let i(n) = -11*n**2 - 59*n - 26. Let y(t) = -5*t**2 - 27*t - 12. Let b(u) = 4*i(u) - 9*y(u). Give b(l).
-6
Let l be ((-3)/12*1)/((-12940)/720 + 18). Let y(u) = u**3 + 8*u**2 - 3*u + 6. Determine y(l).
-48
Let c = 18 - 12. Let w(s) be the first derivative of -s**6/360 + s**5/60 + 5*s**4/24 + 17*s**3/3 + 2. Let g(m) be the third derivative of w(m). Determine g(c).
-19
Suppose 0 = -5*t + 5, 5*a - 5*t - 114 = -374. Let r = a - -55. Let d(y) = y**2 - 6*y + 3. What is d(r)?
-5
Let s(q) be the third derivative of -11*q**9/60480 + q**7/5040 + q**6/720 + q**5/60 + 45*q**2. Let g(t) be the third derivative of s(t). Give g(-1).
11
Let l(q) = 3*q**2 - q + 1. Let r(s) = s - 1. Let t = -186 + 187. Let y(v) = t*l(v) + 3*r(v). Suppose -5*o - 4 - 6 = 0. Calculate y(o).
6
Let v(o) be the third derivative of -17*o**4/8 - 232*o**3/3 + 27*o**2 - 2. Determine v(-9).
-5
Let a = -17104 + 17109. Let x(g) = -g - 1. Let d(f) = -7*f - 6. Let b(k) = -d(k) + 6*x(k). Calculate b(a).
5
Let k(n) = -13*n + 72. Let a(m) = -11*m + 59. Let b(f) = 6*a(f) - 5*k(f). Let o be -3*2*1/(-3). Suppose o*w - 5*w = 24. Calculate b(w).
2
Suppose -70 = -646*i + 632*i. Let d(o) = -5*o**2 - 19*o**3 - 3*o + 23*o**3 - 3*o**3. Give d(i).
-15
Suppose 607*y + 2350 = -78. Let t(d) = d**3 + 2*d**2 + 41*d + 201. Determine t(y).
5
Let o(k) be the second derivative of k**4/6 - 5*k**3/6 + k**2 + 5*k - 9. Let f be 7 + -1 + -4 + 2. What is o(f)?
14
Let a(t) = -3*t**2 + 3*t - 1. Let b be 5*(-2 - (-192)/(-30)). Let m(h) = 3*h + 129. Let x be m(b). Calculate a(x).
-19
Suppose -3*b - 15 = 0, 5*b + 23 = -2*l + 6. Suppose 3*i = 2*w + 16, 2*w = -2*i - 3*i + 32. Let s(f) = 2 - 7*f**2 + 9*f + i*f**2 - 2*f. Give s(l).
14
Let j(q) = -5*q**3 + 40*q + 5. Let z(a) = -5*a**3 + 35*a + 6. Let r(s) = 5*j(s) - 6*z(s). Determine r(-1).
-6
Suppose -69*j + 14*j = -660. Let t(u) = -130*u**2 + j*u - 129*u**2 - 8 - 2 + 258*u**2. Give t(8).
22
Suppose -5*v + 15 = -5*o, -v - 4*o = -2*o. Let c(y) be the second derivative of y**3/6 + y**2 - 1602*y. What is c(v)?
4
Let t(a) = -13 + 2*a - a**3 + 57*a**2 + 10*a + 0*a - 66*a**2. Let h = 143 - 153. Calculate t(h).
-33
Let j(k) = -k**3 - 6*k**2 + 8*k + 2. Let l(t) be the third derivative of -7*t**4/8 - 98*t**3/3 + 6*t**2 + 10. Let r be l(-9). Give j(r).
-5
Suppose -5*n - 19 = -4*m, 4*m - n - 12 + 5 = 0. Let h(d) = -3*d - 1. Let p(s) = -21*s. Let j(u) = -h(u) + p(u). Calculate j(m).
-17
Let k(b) = 20*b - 33. Let h = 3647 + -3645. Calculate k(h).
7
Let r(c) = -c**3 + 2*c**2 + c + 6. Let a(s) = -5*s**3 + 17*s**2 + 10*s + 5. Let x(d) = a(d) - 4*r(d). Determine x(9).
35
Suppose 0 = 3*m + 22 + 56. Let f be -30 - m - (-16 - -1). Let g(h) = -f*h + 3*h + 11*h - 6 - h**2 + 3*h. Calculate g(4).
2
Let a = -54 - -60. Let s(w) = w + 1. Let x(d) = -4*d - 9 - 5*d + 4*d. Let j(n) = 6*s(n) + x(n). Give j(a).
3
Let c(d) be the second derivative of -d**4/12 - d**3/6 + 9*d**2/2 - 430*d. Determine c(-3).
3
Let j(p) = 5*p**2 + 6*p**2 + 3*p**2 + 8*p - 13*p**2 + 8. Let u = 129 - 137. What is j(u)?
8
Let b be 1/(12/4 + -4). Let f be ((-4)/8 - 0)/(b/14). Let g(z) be the first derivative of z**2 - 7*z - 96. Give g(f).
7
Let i(t) = t**3 - 7*t**2 - 4*t - 5. Let z be i(8). Let c = z - 22. Suppose c*j + 2 = 4*j. Let q(o) = 3*o - 1. Calculate q(j).
-7
Suppose 0 = -5*p + 25 - 55. Let l(c) = -5*c**2 + 4*c + 8. Let v(w) = -6*w**2 + 6*w + 9. Let y(s) = -5*l(s) + 4*v(s). Calculate y(p).
8
Let q(s) = 6*s + 69. Let n be q(-10). Let d = n + 37. Let f(y) = -y**2 + 106*y + 4 - d*y - 56*y. Calculate f(3).
7
Let a be (440/(-160))/(2/(10 + -2)). Let p(q) = -6*q + 7. Let x(d) = 12*d - 13. Let v(h) = a*p(h) - 6*x(h). Calculate v(-1).
7
Let g(b) be the first derivative of b**2/2 + 7*b + 1. Let i(k) be the second derivative of -k**4/4 + 29*k**3/6 - 23*k**2 + k. Let v be i(8). Determine g(v).
1
Let m(z) = -z**3 - 12*z**2 + 134*z + 20. Let o be m(-19). Let u(v) be the second derivative of -v**4/4 + v**3/3 - v**2/2 - 6*v. Give u(o).
-2
Let p(q) = -24*q + 5*q - 157672 + 157809. What is p(8)?
-15
Let v(p) = -69*p - 4014. Let f be v(-58). Let s(t) = t**3 + 13*t**2 + 5*t - 12. What is s(f)?
72
Let j(l) = -5*l**2 - l + 7. Let i(b) = -11*b**2 - 3*b + 15. Let y(m) = 4*i(m) - 9*j(m). Suppose 5*h - 862 + 312 = 0. Let g be 530/h - 14/(-77). Calculate y(g).
7
Let k be (-90)/(-9) + -13 - (-5 - (-1 - -3)). Let v(f) be the third derivative of 0 + 0*f - 1/120*f**6 - 1/6*f**k + 2/3*f**3 - 8*f**2 + 1/12*f**5. What is v(4)?
4
Let u = 55 - 54. Let s(w) be the third derivative of 5*w**5/12 - w**4/24 + 60*w**2. Give s(u).
24
Let r(o) = -o**2 + 17*o + 34. Suppose 0 = 3*m + 2*t - 32, -2*m + t + 56 = 23. Calculate r(m).
76
Let v(h) = -35*h**3 + 4*h - 8*h**2 + 34*h**3 - 8 + 0 - 3 + 0. Give v(-9).
34
Let y(k) = -k - 1. Let m(c) = 5*c**2 + 9*c + 1. Let j be m(-2). Suppose 0 = -j*i + 15, -q + i + 11 = 6*i. Let l = 8 + q. What is y(l)?
5
Let v(k) = -k**3 - 3*k**2 - k - 31. Suppose -273 = -401*q - 1877. Give v(q).
-11
Let y = -170 + 164. Let t(w) = 2*w**2 + 2*w + 3. Let f(x) = x**2 + 2*x + 2. Let k be 69/9 + (-8)/12 + 0. Let l(b) = k*f(b) - 3*t(b). What is l(y)?
-7
Suppose 5 - 4 = v - 2*z, -v + 4*z - 3 = 0. Suppose -2*p = -p - v. Suppose p*g + 24 = g. Let b(u) = -u**3 - 5*u**2 + 7*u + 5. Determine b(g).
-1
Let x(r) = -r**3 - 31*r**2 + 4*r + 119. Let o be x(-31). Suppose 2*y - 5 = 1. Let u(n) = -6*n + y*n**2 + 5*n - 7*n + 0 + n**3 - 7. Give u(o).
-17
Let c = -24 + 28. Suppose -6*o = -2*o + 4*r + 48, 0 = -c*o + 2*r - 24. Let d be ((-30)/(-26) + o/52)*-1. Let x(v) = v**2 - 1. What is x(d)?
0
Let m(y) = -y**3 - 9*y**2 - 12*y - 4. Let j = 321 + -304. Suppose 0 = -5*d - 20, 2*l - j*d = -13*d. Calculate m(l).
28
Let v(g) = -11*g + g + 4 - 2 + 6*g. Let f be 112/(-60) + (86/30 - 3). What is v(f)?
10
Let v(i) = -24*i + 1562. Let f be v(65). Let d(p) be the second derivative of 0 - 3/2*p**f - 5/6*p**3 + 20*p. Determine d(-3).
12
Let c = -418 - -421. Let z(m) be the first derivative of m**c - 1/2*m**2 + 10 - 2*m. What is z(-2)?
12
Suppose -5*w = -7592 + 7587. Let o(x) = 9*x**2 + 4*x - 4. Determine o(w).
9
Let c(a) be the first derivative of a**4/4 - 4*a**3/3 - 5*a**2/2 - 4*a - 11676. Suppose v = -0*v + 5. Calculate c(v).
-4
Let b(v) = -5*v + 4. Let t(k) = -k**3 + 9*k**2 - k + 11. Let h be t(9). Suppose h*i + 160 = 6*i. Let r be i/(-12) - 2/(-6). Calculate b(r).
19
Suppose -3*s = -10 + 4. Let i be (7/5)/((-6)/(-90)). Let j(q) = 15 + 2*q + s*q - i. Determine j(5).
14
Suppose 113*j - 128*j = 8445. Let p = j - -562. Let g(h) be the second derivative of 5*h**4/12 + h**2/2 - h. Calculate g(p).
6
Let h(f) = -8*f - 3. Suppose 3*k - 26 = -l, 0 = 2*l + 3*k - k - 60. Let b = l + -34. Give h(b).
13
Suppose 5*j - 7 - 8 = 0. Let h be ((-17)/5 - (-20)/50)/(-1). Let w(m) = 365*m - 3 + m**3 - 2*m**h + 2*m**2 - 363*m. Determine w(j).
-6
Let s(p) = -p**3 + 7*p**2 - 5*p + 12. Let r = -11039 - -11045. Give s(r).
18
Suppose 4*d + 55 = -5*a, 12*a - 5*d + 136 + 69 = 0. Let q(r) = 5*r + 12. Calculate q(a).
-63
Let o(y) be the first derivative of -y**4/4 - 2*y**3/3 + 2*y**2 - 8*y + 921. Calculate o(-4).
8
Let a(v) be the second derivative of -v**5/20 + 5*v**4/6 - 5*v**3/6 - 27*v**2/2 - 425*v - 1. Determine a(10).
-77
Let n(w) = 64*w**2 - 21*w**2 - 18*w**2 - 9 - 24*w**2 - 8*w. Let j(x) = -2*x**2 + 14*x + 20. Let g(s) = 3*j(s) + 5*n(s). Give g(4).
7
Let g = 1815 + -1823. Let x(n) = n**2 + 7*n - 2. Determine x(g).
6
Suppose 3*s + 62 = -i + 96, 2*s - 3*i = 19. Let j(k) be the first derivative of k**4/4 - 4*k**3 + 11*k**2/2 - 13*k - 2. Calculate j(s).
-13
Let u(p) = -p - 25. Let c(b) = 2*b**3 - 7*b**2 + 3*b + 5. Let w(o) = 5*o**3 - 20*o**2 + 8*o + 17. Let i(y) = 8*c(y) - 3*w(y). Let l be i(-4). What is u(l)?
-14
L